u) = -u**2 + 16. Let m be (0 - 2)/(2/(-4)). Suppose t + m = -5*y + 2*t, -t + 4 = -2*y. What is the tens digit of b(y)?
1
Suppose 5*l - 475 = l - 3*j, l + 5*j = 106. What is the hundreds digit of l?
1
Let c(t) = t**3 - 6*t**2 + 7*t - 5. Let f be c(5). Suppose 12 = v - f. What is the units digit of v?
7
Let x(z) = -z**3 - 4*z**2 - 2*z - 5. Let o be x(-4). Suppose o*d - 2 = 2*d. Suppose -15 = -d*l - l. What is the units digit of l?
5
Suppose n - u = 4*u + 25, 0 = -2*n - 4*u + 64. What is the units digit of n?
0
Let b(x) = -x**3 + 5*x**2 + 8*x - 8. Let q be b(6). Suppose 0*g = 4*n - g - 7, 3*n = -q*g + 29. What is the units digit of n?
3
Let v be (-15)/2*8/(-3). Suppose -l + v = 3*h, l + h = -l + 30. What is the tens digit of l?
1
Let t be 0/(-1)*(-2 + 1). Suppose t = -3*o - 5*a - 32, 3*o + 30 = -5*a + 2*a. Let j = o + 13. What is the units digit of j?
4
Let l(j) = -j**2 + 1. Let k(y) = 3*y**2 - y - 10. Let i(f) = -k(f) - 4*l(f). What is the units digit of i(0)?
6
Let b = -324 - -541. What is the hundreds digit of b?
2
Let y be -8*2*(-2)/(-8). Let r(f) = -f**2 - 3*f + 5. Let i be r(y). What is the units digit of 18 + i + 1/(-1)?
8
Let q = -223 + 383. What is the hundreds digit of q?
1
Suppose -4*v + v = 15. Let w = v + 17. What is the units digit of w?
2
Suppose 2*l = 2*n + 3*l + 26, -2*l - 10 = n. Let v = 1 - n. What is the units digit of v?
5
Let a = -3 + 57. What is the units digit of a?
4
Let r = 157 - 113. What is the tens digit of r?
4
Suppose 2*d + 8 = 0, l - 35 = 3*d + 47. What is the tens digit of l?
7
Let b be (-2)/6 + (-29)/3. Let l = 0 + b. What is the units digit of 2/(-3)*(1 + l)?
6
Suppose 0 = -2*r + 5*t, -5*r + 33 = -t + 5*t. Suppose -4*o + 26 = -2*g, r*o + 2*g = -2*g + 52. What is the units digit of o?
8
Let t be (-3)/6*(-26 + 0). Suppose n = 2*n - t. What is the tens digit of n?
1
Let o = -12 - -15. Suppose 5*p + o = 6*p. What is the units digit of p?
3
Suppose 4*h = h - 3. Let g = 17 + -12. Let j = g - h. What is the units digit of j?
6
What is the tens digit of 350 + -1 - ((-2 - -1) + 2)?
4
What is the tens digit of (75/(-12))/(-2*(-4)/(-96))?
7
Suppose 30 - 222 = -3*o. What is the units digit of o?
4
Let f(h) = 10*h**2 - 2*h. What is the units digit of f(2)?
6
Let j = -88 - -125. What is the tens digit of j?
3
What is the units digit of (-2)/10 - 608/(-40)?
5
Suppose -4*k + 2*f - 19 = 3, k + 5*f = -22. Let z = 15 + k. What is the units digit of z?
8
What is the units digit of 2 + 76 - (1 - -3)?
4
Let c = 9 + 19. What is the units digit of c?
8
Let n = -121 + 241. What is the units digit of n?
0
Let g(y) = 2*y - 3. Let t be g(2). Let x = -1 + t. What is the tens digit of (x - -1)*3*4?
1
Let k(y) = -y - 2. Let v be k(-1). Let q be -2*(-1)/v*-1. Suppose 0*z - z - 3*a - q = 0, -3*z + 5 = -2*a. What is the units digit of z?
1
Suppose 5 = -2*h - 5, -107 = -2*z - h. What is the tens digit of z?
5
Suppose 0 = -3*x + 6*x + o - 166, -x - o + 54 = 0. What is the tens digit of x?
5
Let y be (-8)/36 + (-4)/(-18). Suppose y = -0*i - i + 6. What is the units digit of i?
6
Let i = 25 + -18. Let y(w) = -2 + 4*w + w**2 + 2 - i. What is the units digit of y(-6)?
5
Suppose -6*y - 333 = -15*y. What is the units digit of y?
7
Let c = -12 + 7. Let m be ((-21)/5)/(1/c). What is the units digit of 22/3 + 14/m?
8
Suppose -x = -5*p + 8, -p = -4*x - 6*p - 7. Let j be (6 - x)/(6/(-4)). Let b = -2 - j. What is the units digit of b?
4
What is the tens digit of 6/2 + 42 + -2?
4
Suppose 0 = -4*r + 5*n + 13, -4 = -r - 0*n + 2*n. What is the units digit of 51/(6/r) - 1?
6
Let c = -29 - -15. Let p = c - -27. What is the units digit of p?
3
Suppose -u + 2*u - 4*h - 20 = 0, -3*h = -4*u + 28. What is the tens digit of u/10 - (-96)/10?
1
Suppose -3*s = -5*s. Suppose 2 + 3 = -i. Let c = s - i. What is the units digit of c?
5
Let s = -3 + 5. Suppose 3*l - 6 = 0, -26 = -s*r - 4*l - 8. What is the units digit of r?
5
Suppose n - m = 14, -4*n + m - 2*m + 81 = 0. Let q be 4/(-8)*(-1 - n). Let i = q + -4. What is the units digit of i?
6
Suppose -2*s + 44 = -3*c - 28, -s + 3*c + 42 = 0. Suppose -3*x + s = 2*x. Suppose 0 = -2*w + w + x. What is the units digit of w?
6
Suppose 9*k - 144 = 7*k. What is the tens digit of k?
7
Let l(o) = -o**3 - 5*o**2 + 17*o - 1. What is the hundreds digit of l(-9)?
1
Let b(a) = -a**2 - 4*a. Let c be b(-3). Suppose -c*l + 58 = 4. What is the tens digit of l?
1
Let i = -15 + 24. Suppose 5*v - 1 = i. Suppose -v*h + a + 4 - 1 = 0, a - 9 = -4*h. What is the units digit of h?
2
Suppose 3*o - 5*o = -2. Suppose 2*j + 4 = -5*v, -4*j - 5*v + 1 + o = 0. Let y(m) = -m**3 + 3*m**2 + 3*m - 3. What is the units digit of y(j)?
6
Suppose -4*p + 568 = 4*s, -3*p = -3*s + 212 + 190. What is the units digit of s?
8
Let h(k) = 8*k**2 - 8*k + 7. Let n(u) = -25*u**2 + 23*u - 20. Let c(x) = -17*h(x) - 6*n(x). What is the tens digit of c(1)?
1
Let c(y) = -y**2 + 7*y - 6. Let j be c(6). Suppose j = -3*r - r. Suppose 2*b + r*b = -f - 5, -4*f - 3*b = -5. What is the units digit of f?
5
What is the tens digit of (-5)/(-1) - (0 - 39)?
4
Suppose 2*f + 5*a - 25 = 0, 4*f = -5*a + 61 + 14. Let h = f + 1. What is the units digit of h?
6
Suppose 0 = 2*p + 3*p - 4*n - 14, 0 = -4*p + 2*n + 10. What is the units digit of p?
2
Suppose -2*d = -d - 4. Suppose 3*z - 5 = i, d*z - 5 - 7 = -4*i. Suppose 0 = j + 3*u - 17, -u + 5 - 25 = -z*j. What is the units digit of j?
1
What is the units digit of (-2)/(-5) - (-193)/5?
9
Let b be 6 - 1/(-2)*0. Suppose x + 3*x + 5*k = 0, 0 = 5*x + 4*k. What is the units digit of 3 - x - (b - 4)?
1
Let h(a) = 2*a**2 - 3*a + 5. Let b be h(4). Suppose 4*r = 3*q - 4, -2*r - r - b = -5*q. What is the units digit of q?
8
Suppose -7*u = -12*u - 20, -5*u + 28 = 2*h. What is the tens digit of h?
2
Suppose 8*o = 3*o - 10. Let d be 4 - o/(2 - 3). Suppose g = 2*c - 2, 5*g - g - 32 = -d*c. What is the units digit of g?
6
Let w(j) = 0 + 8*j**3 - 1 - 9*j**3 - j + 3*j**2. Let z be w(2). What is the units digit of ((0 - z) + 2)/1?
1
Suppose w + 3*b - 1 = b, 0 = -w + 4*b - 23. Let l = -9 - w. Let i(j) = 2*j**2 + 3*j + 2. What is the units digit of i(l)?
4
Let t(s) = -139*s + 6. What is the tens digit of t(-1)?
4
Suppose 0*q - 2*q = 0. What is the units digit of (-5)/1*-1 + q?
5
Let x(i) = 54*i**2 - 11*i - 16. Let b(q) = -11*q**2 + 2*q + 3. Let m(t) = -11*b(t) - 2*x(t). Let v = -1 - -2. What is the units digit of m(v)?
2
What is the hundreds digit of (-2)/5 + (-26)/10*-59?
1
Suppose 2*j = d + 97, 5*j - 2*d = -96 + 340. What is the units digit of j?
0
Suppose 2*i + s + 238 = 7*i, 5*s + 230 = 5*i. What is the tens digit of i?
4
Let c(w) = -2*w**2 - 1. Let a be c(-1). Let q be 2 - (1 + -2 - a). Suppose 0*k - 3*k + 24 = q. What is the units digit of k?
8
Let v = 120 + -46. What is the units digit of v?
4
Let o be ((-369)/(-27))/(2/(-6)). Let j = -26 - o. What is the tens digit of j?
1
Suppose 0 = -2*b - 0*d + d + 4, 5*b + 8 = -2*d. Let w(s) = -3*s + 5*s - 3*s + s**2 + 7. What is the units digit of w(b)?
7
Let q = -3 - -5. Let p be ((-7)/q)/(2/(-4)). Suppose -p*r + 10 = -2*r. What is the units digit of r?
2
Let s be 112/(-2)*24/16. What is the units digit of (3/4)/((-7)/s)?
9
Let p be (-70)/8 + (-3)/12. Let k = 19 + p. What is the tens digit of k?
1
Suppose -3*x - 3 = -0. Suppose -2*v + 6*v + 12 = 0. Let m = x - v. What is the units digit of m?
2
Let o(l) = -l**3 - 13*l**2 + 11*l - 18. What is the units digit of o(-14)?
4
Let l(n) = -2*n - 6. Let f be (-2)/(-11) + (-57)/11. What is the units digit of l(f)?
4
Suppose -4*d + 159 = 5*j, 2*j - d - 97 = -23. What is the tens digit of j?
3
Let j = -115 + 190. What is the tens digit of j?
7
Let t be (-4)/(-10) - 4/10. Let s be 52/6*(-15)/(-10). Suppose f - s = -t*f. What is the units digit of f?
3
What is the hundreds digit of (10/(-4))/(8/(-400))?
1
What is the tens digit of (4 - -12)*(0 + 2)?
3
Suppose -h + 48 = 2*h. Let l = -7 - 3. Let g = h + l. What is the units digit of g?
6
Let f(t) = 23*t**3 + 2*t**2 - 2*t. What is the units digit of f(1)?
3
What is the tens digit of ((-109)/2)/(3*(-5)/30)?
0
Let y = -41 + 88. What is the units digit of y?
7
Let p = 13 + -11. Suppose 7*s = p*s + 85. What is the units digit of s?
7
Let q(u) = -u**3 + 18*u**2 - 16*u + 11. What is the units digit of q(16)?
7
Suppose 0*r - 14 = -r. What is the 